-16. Suppose -8 = g - c. Let b = 461 - 416. What is the greatest common divisor of b and g?
15
Let v = -267 + 285. Let a be 3 - (2 + (-2)/(-2)). Suppose 5*m - 2*m - 270 = a. What is the greatest common divisor of v and m?
18
Let w(o) = o**2 - 2*o + 4. Let l be w(4). Suppose 972 = -23867*p + 23885*p. What is the greatest common factor of p and l?
6
Let f be (6/(-8))/(2/(-24)). Let q(w) = w**2 + 6*w - 2. Let i be q(-10). Let t be -2 + (i/14 - (-14)/49). What is the highest common divisor of f and t?
1
Let h(z) = 134*z**2 - 5*z - 1. Let y be h(-1). Let i be 1/(4/y) - (-5)/10. Let j = -32 - -46. What is the greatest common factor of i and j?
7
Let h = -1639 - -3362. Calculate the greatest common divisor of 1 and h.
1
Suppose 0 = -862*a + 864*a - 38522. What is the greatest common divisor of 187 and a?
187
Suppose 140 = c - 4*l, l = 2*c - 5*c + 433. Suppose -10*o + 366 + c = 0. Calculate the greatest common factor of o and 102.
51
Let j(z) = 34*z**2 + 4*z + 5. Let g(k) = -2*k**2 - 8*k + 9. Let v be g(-5). Let a be j(v). What is the greatest common divisor of 7 and a?
7
Let f be (-2)/(0 + 2/(-65)). Let i = f - 62. Suppose 0 = -r + 5*o + 40, 4*r - i*r - 4*o - 35 = 0. Calculate the greatest common factor of 9 and r.
3
Suppose 4*r = -5*b + 314, 170*r - 91 = 169*r + 5*b. What is the highest common divisor of r and 3501?
9
Let j be (-304)/(-20) + (217/(-35) - -7). Suppose -20*q + 120 = -j*q. What is the highest common divisor of q and 54?
6
Let v(o) = 2*o**2 + 29*o - 35. Let s be v(-18). Suppose 20*d = 4*m + 17*d - 81, -4*m + d + s = 0. What is the greatest common factor of 20 and m?
4
Let h(n) = -10*n**3 - 11*n**2 + 16*n + 224. Let y be h(-8). Calculate the greatest common divisor of 96 and y.
96
Let t be 2/7 + (-1794)/(-91). Suppose -114 = -4*r + 3*l, 2*r + 3*l - 54 = 12. What is the greatest common factor of r and t?
10
Suppose -44*f + 35*f + 54 = 0. Suppose -2*k = 3*k - 15. Suppose h = 3*h - 2*x - f, 0 = -k*h - 2*x + 9. What is the greatest common divisor of 3 and h?
3
Let a = 9573 - 9447. What is the highest common factor of 1953 and a?
63
Let p be (-642)/(-15) + 84/(-105). Let d be (63/6)/(18/120). What is the greatest common factor of d and p?
14
Let r(o) = o**3 + 12*o**2 - 6. Let g be (-4 + -2)*3*1/9. Let b be -5 - (g/(-3) + (-3)/(-9)). Let l be r(b). Calculate the highest common divisor of l and 21.
21
Let y(f) = -f**3 - 22*f**2 - 19*f + 199. Let g be y(-24). Calculate the greatest common factor of 13 and g.
13
Suppose 0 = 4*a + y - 18778, 8*a + 23489 = 13*a + 4*y. What is the highest common divisor of 247 and a?
247
Let q be 2/3 + (-8240)/(-15). Let l = q - 496. Calculate the greatest common factor of l and 2.
2
Let d(k) = 2*k + 32. Let i be d(-13). Suppose -i*o = -5*o - 29. Let y = 695 - 376. What is the greatest common divisor of o and y?
29
Suppose 4*d + 67*d - 22649 = 0. Let t = 5 + -3. Suppose 4*c + 37 = m, 0 = m - t*m - 3*c + 23. Calculate the greatest common factor of m and d.
29
Let c(a) = 2*a**3 + 2*a**2 - 76*a + 23. Let y be c(0). What is the greatest common factor of 19 and y?
1
Suppose -105*v + 263*v - 1761264 = -85*v. Calculate the highest common divisor of v and 96.
48
Let g be -2 - (-2)/2 - -196. Suppose -159*l - 64*l = 81*l - 23712. What is the highest common factor of l and g?
39
Let s be (-25 + 386)/((-6)/(-3 + -39)). What is the highest common divisor of s and 665?
133
Suppose -1 = v - 12. Let s(g) = -g + 8. Let p be (-36)/10 + (-30)/(-50). Let r be s(p). Calculate the highest common divisor of v and r.
11
Suppose -1565 = -6*n + 1357. Let d = -347 + n. What is the highest common factor of 28 and d?
28
Let y = 160 - 90. Let w = y + -34. Let f = w - -16. Calculate the greatest common divisor of 13 and f.
13
Suppose 0 = 3*h - 2 - 4. Suppose q - 12*b + 9*b = 1, b = -3*q + 13. Suppose -q*o = -h*o - 108. What is the greatest common factor of 36 and o?
18
Suppose 173724*c - 22176 = 173702*c. Calculate the greatest common divisor of c and 5418.
126
Let u = 60 - 60. Suppose u = -3*m + j - 223, 4*m = 3*m - 4*j - 83. Let y be (24/5)/((-10)/m). What is the greatest common factor of 288 and y?
36
Suppose -2*i - 3*w + 132 = 0, 0 = -24*w + 19*w + 20. Calculate the highest common factor of 144 and i.
12
Let u(m) = -m**3 + 2*m**2 + 38*m - 5. Let b be u(7). Suppose 22*t = 14*t + b. What is the highest common factor of t and 6?
2
Let z = 2 + -3. Let y be (1 - z) + 8*8. Let t(x) = -6*x**2 + 287*x - 1675. Let h be t(41). What is the highest common factor of h and y?
6
Let g(y) = 5*y + 74. Let p be g(-14). Suppose 0 = p*q - 6*q + 616. Calculate the highest common factor of q and 28.
28
Let h be 70/56 + 5 + 3258/24. Calculate the highest common factor of 7029 and h.
71
Let p be ((-230)/(-40) + -6)*-140. Suppose 0 = -3*l - 834 - 924. Let y = l - -866. Calculate the highest common divisor of p and y.
35
Let u be 1/(-5)*0 + 30. Let w(s) = -s**3 + 35*s**2 - 148*s - 1. Let p be w(u). Calculate the highest common factor of p and 767.
59
Suppose -d + 3*b - 4*b = 13, 2*d = -b - 31. Let s be (-228)/d + (-6)/9. Suppose m - s = 3. Calculate the greatest common factor of m and 75.
15
Suppose -5*c + 3*b = -919, 0*b = -5*c - 2*b + 929. Suppose -u + c = 4*u. Suppose -1358*s = -1367*s + 3663. What is the highest common divisor of s and u?
37
Suppose 66153 = 118*o - 28365. Calculate the highest common divisor of o and 712.
89
Suppose -3404 = 159*g - 96*g - 100*g. What is the highest common divisor of 2185 and g?
23
Suppose 186*j + 173237 - 1685417 = -85*j. Calculate the highest common factor of 60 and j.
60
Let q = 261 - 146. Let l = q + -69. Suppose -4*a + 3*g = -l, 18 = 3*a + 5*g - 31. What is the highest common divisor of a and 143?
13
Suppose 0 = 11*d - 28*d - 22*d + 154752. What is the greatest common divisor of d and 93?
31
Suppose 4*z + 33 = -3*c + 6, 5*c = 4*z + 19. Let o(g) = -28*g - 24. Let v be o(z). Calculate the greatest common divisor of 16 and v.
16
Let t(q) = 3*q**3 + 7*q**2 - 2*q - 1. Let p be t(3). Let b = p - 127. Calculate the greatest common divisor of b and 15.
5
Let s(z) be the third derivative of z**6/120 - 23*z**5/60 + 23*z**4/8 + 10*z**3/3 - 174*z**2. Let q be s(20). What is the greatest common divisor of 5 and q?
5
Suppose -3*b + 6 = 5*c - 0*c, 4*c = b - 2. Suppose -2*x - 5 = -11. Let l be b/8 + 69/12 - x. Calculate the highest common divisor of l and 3.
3
Suppose 6*c - 20*c + 432 = 96. Calculate the greatest common factor of 200 and c.
8
Let h = 9 + 36. Suppose 17*g - 64 = -13. Suppose 0 = 3*v + 3, 16*c = 12*c + g*v + 1443. What is the greatest common factor of h and c?
45
Suppose 0 = -2*f - b + 185, 0 = -f - 4*b + 76 + 34. What is the highest common divisor of 5115 and f?
15
Let l be (6/9)/((340/210)/17). Calculate the highest common factor of l and 43.
1
Suppose 433 + 89 = 3*f + 4*d, -4*f + 696 = 4*d. Let y = 580 + -464. Calculate the greatest common divisor of f and y.
58
Suppose 5*u + 9*u = 0. Let g be (-63)/((u - -1)/(0 - 1)). Suppose r - 24 = -4*d, -g = r - 4*r - 3*d. What is the highest common divisor of 40 and r?
20
Suppose -23633 + 4168 = -17*w. Let b = -781 + w. What is the highest common divisor of 52 and b?
52
Suppose -51*r - 1518 = -4068. Let c(p) = -5*p. Suppose 2*h + 32 = -2*h + 3*v, 2*h - 2 = -3*v. Let s be c(h). What is the greatest common divisor of r and s?
25
Suppose 9*a + 12 = 7*a, -2*a - 4 = 8*j. Calculate the highest common factor of 2521 and j.
1
Suppose 74 = 2*b - 4*t, -12 + 189 = 3*b + 5*t. Let q be -2 + 4 + 48 + -1. Calculate the highest common factor of q and b.
49
Suppose -2*h - 2*h + 5*x + 14 = 0, -2*x = -3*h + 14. Let k be ((-12)/7)/(5 - 296/56). What is the greatest common factor of k and h?
6
Let s(c) = 15*c**2 + 12*c - 27. Let z be s(6). Suppose 47 = 4*x - 5. What is the highest common factor of x and z?
13
Let q(g) be the third derivative of -g**6/60 + 4*g**5/5 + 53*g**4/24 - 29*g**3/6 + 116*g**2. Let y be q(25). What is the greatest common divisor of y and 138?
46
Let b = 7642 + -5869. Calculate the highest common factor of 9 and b.
9
Suppose 5*i - 9*c = -8*c + 50, -i - 4 = -3*c. What is the greatest common factor of i and 9361?
11
Let v be 49*((-63)/(-35))/((-18)/(-30)). What is the highest common divisor of 3 and v?
3
Suppose -20*f + 52 = 6*f. Suppose 3*b - 10 = 4*o, -o + f*o = -1. Calculate the